806?
2, 3806903
List the prime factors of 2071772.
2, 157, 3299
List the prime factors of 2315308.
2, 578827
List the prime factors of 1316270.
2, 5, 131627
What are the prime factors of 1140636?
2, 3, 7, 37, 367
List the prime factors of 3818915.
5, 53, 14411
List the prime factors of 695900.
2, 5, 6959
What are the prime factors of 1281712?
2, 80107
List the prime factors of 2130255.
3, 5, 47339
What are the prime factors of 1708793?
61, 109, 257
What are the prime factors of 13242871?
23, 575777
List the prime factors of 155121.
3, 29, 1783
What are the prime factors of 2327869?
2327869
List the prime factors of 1427268.
2, 3, 83, 1433
What are the prime factors of 257430?
2, 3, 5, 8581
What are the prime factors of 667170?
2, 3, 5, 7, 353
What are the prime factors of 2392493?
149, 16057
List the prime factors of 5428960.
2, 5, 33931
List the prime factors of 16681286.
2, 31, 113, 2381
List the prime factors of 39717.
3, 1471
List the prime factors of 65726.
2, 59, 557
What are the prime factors of 192554?
2, 43, 2239
What are the prime factors of 224203?
7, 32029
What are the prime factors of 759537?
3, 9377
What are the prime factors of 41147356?
2, 10286839
What are the prime factors of 166690?
2, 5, 79, 211
List the prime factors of 596122.
2, 17, 89, 197
List the prime factors of 14309514.
2, 3, 264991
What are the prime factors of 259645?
5, 51929
List the prime factors of 3440787.
3, 7, 163847
List the prime factors of 13709094.
2, 3, 7, 103, 3169
What are the prime factors of 380827?
229, 1663
What are the prime factors of 500339?
7, 10211
List the prime factors of 2632844.
2, 658211
What are the prime factors of 2694693?
3, 898231
What are the prime factors of 1571495?
5, 314299
List the prime factors of 3107778.
2, 3, 37, 13999
What are the prime factors of 6577880?
2, 5, 164447
List the prime factors of 1663003.
1031, 1613
List the prime factors of 19355.
5, 7, 79
List the prime factors of 7502523.
3, 7, 357263
What are the prime factors of 2982020?
2, 5, 149101
List the prime factors of 21404.
2, 5351
List the prime factors of 568095.
3, 5, 11, 313
List the prime factors of 515915.
5, 103183
List the prime factors of 1638478.
2, 819239
List the prime factors of 256616.
2, 32077
What are the prime factors of 6953054?
2, 1669, 2083
What are the prime factors of 12181085?
5, 7, 348031
What are the prime factors of 406951?
406951
What are the prime factors of 8175687?
3, 13, 41, 5113
List the prime factors of 691826.
2, 37, 9349
List the prime factors of 18121052.
2, 4530263
What are the prime factors of 511058?
2, 59, 61, 71
List the prime factors of 432085.
5, 103, 839
List the prime factors of 961936.
2, 59, 1019
What are the prime factors of 5897189?
71, 83059
What are the prime factors of 18366534?
2, 3, 340121
What are the prime factors of 198658?
2, 71, 1399
List the prime factors of 684638.
2, 342319
What are the prime factors of 1522601?
1522601
What are the prime factors of 227406?
2, 3, 151, 251
List the prime factors of 1723126.
2, 861563
What are the prime factors of 2365396?
2, 11, 53759
What are the prime factors of 857562?
2, 3, 47, 3041
What are the prime factors of 126355?
5, 37, 683
List the prime factors of 10602639.
3, 43, 27397
List the prime factors of 1090668.
2, 3, 97, 937
What are the prime factors of 7841734?
2, 3920867
List the prime factors of 285480.
2, 3, 5, 13, 61
What are the prime factors of 548104?
2, 131, 523
What are the prime factors of 890971?
31, 41, 701
List the prime factors of 123568.
2, 7723
List the prime factors of 941734.
2, 470867
What are the prime factors of 10600292?
2, 2650073
List the prime factors of 14689306.
2, 7344653
List the prime factors of 1320429.
3, 11, 40013
What are the prime factors of 56403?
3, 2089
List the prime factors of 1558336.
2, 13, 1873
List the prime factors of 2463015.
3, 5, 164201
What are the prime factors of 3595678?
2, 1797839
What are the prime factors of 15289?
15289
List the prime factors of 1887037.
37, 51001
What are the prime factors of 177221?
11, 16111
List the prime factors of 2885830.
2, 5, 288583
What are the prime factors of 30692558?
2, 13, 73, 103, 157
List the prime factors of 555108.
2, 3, 167, 277
List the prime factors of 214684.
2, 191, 281
What are the prime factors of 103213?
11, 853
List the prime factors of 306320.
2, 5, 7, 547
What are the prime factors of 794812?
2, 43, 4621
List the prime factors of 428694.
2, 3, 7, 59, 173
What are the prime factors of 1156574?
2, 463, 1249
List the prime factors of 4250011.
67, 229, 277
List the prime factors of 113544.
2, 3, 19, 83
What are the prime factors of 2966131?
7, 491, 863
List the prime factors of 1125110.
2, 5, 7, 16073
List the prime factors of 546654.
2, 3, 31, 2939
List the prime factors of 512483.
67, 7649
List the prime factors of 6659068.
2, 13, 79, 1621
List the prime factors of 7753279.
83, 109, 857
List the prime factors of 6833905.
5, 13, 105137
List the prime factors of 9011072.
2, 7, 89, 113
List the prime factors of 298294.
2, 29, 37, 139
List the prime factors of 76568.
2, 17, 563
What are the prime factors of 3047484?
2, 3, 11, 23087
What are the prime factors of 5496838?
2, 47, 58477
What are the prime factors of 488019?
3, 7, 17, 1367
List the prime factors of 1378566.
2, 3, 7, 521
List the prime factors of 13264514.
2, 23, 288359
What are the prime factors of 5160934?
2, 2580467
List the prime factors of 14281164.
2, 3, 132233
List the prime factors of 1594407.
3, 107, 4967
List the prime factors of 39214125.
3, 5, 1291
What are the prime factors of 6512307?
3, 19, 43, 2657
What are the prime factors of 819208?
2, 13, 7877
What are the prime factors of 59661?
3, 7, 947
What are the prime factors of 8294808?
2, 3, 37, 9341
What are the prime factors of 755737?
755737
What are the prime factors of 1073617?
23, 46679
List the prime factors of 204972.
2, 3, 19, 29, 31
List the prime factors of 178885.
5, 7, 19, 269
What are the prime factors of 277032?
2, 3, 7, 17, 97
List the prime factors of 606177.
3, 11, 13, 157
List the prime factors of 521360.
2, 5, 7, 19
What are the prime factors of 6487714?
2, 509, 6373
List the prime factors of 5813671.
461, 12611
What are the prime factors of 12736147?
2801, 4547
What are the prime factors of 135815?
5, 23, 1181
List the prime factors of 8231420.
2, 5, 97, 4243
List the prime factors of 759053.
759053
List the prime factors of 45823.
45823
What are the prime factors of 4824412?
2, 139, 8677
What are the prime factors of 2085?
3, 5, 139
List the prime factors of 10385356.
2, 2596339
What are the prime factors of 47080?
2, 5, 11, 107
List the prime factors of 1559125.
5, 12473
What are the prime factors of 461390?
2, 5, 29, 37, 43
What are the prime factors of 26093125?
5, 83, 503
List the prime factors of 5151169.
5151169
List the prime factors of 2532716.
2, 401, 1579
List the prime factors of 39181.
39181
List the prime factors of 1178015.
5, 17, 13859
List the prime factors of 1582005.
3, 5, 105467
What are the prime factors of 34646?
2, 17, 1019
What are the prime factors of 197766?
2, 3, 10987
What are the prime factors of 10483079?
19, 71, 409
What are the prime factors of 6109318?
2, 239, 12781
What are the prime factors of 1856423?
241, 7703
List the prime factors of 415380.
2, 3, 5, 7, 23, 43
List the prime factors of 48498.
2, 3, 59, 137
What are the prime factors of 167678?
2, 7, 29, 59
List the prime factors of 12468759.
3, 113, 36781
What are the prime factors of 738076?
2, 37, 4987
What are the prime factors of 2587685?
5, 673, 769
What are the prime factors of 241187?
43, 71, 79
What are the prime factors of 615885?
3, 5, 19, 2161
What are the prime factors of 734610?
2, 3, 5, 47, 521
List the prime factors of 12707982.
2, 3, 7, 33619
What are the prime factors of 1323077?
7, 189011
List the prime factors of 65608.
2, 59, 139
What are the prime factors of 2299180?
2, 5, 13, 37, 239
What are the prime factors of 1096853?
1096853
What are the prime factors of 7477760?
2, 5, 23, 127
List the prime factors of 69218.
2, 53, 653
List the prime factors of 306857.
306857
What are the prime factors of 6720996?
2, 3, 560083
What are the prime factors of 6541259?
223, 29333
List the prime factors of 1933495.
5, 1